16*j + 53. What are the prime factors of z(20)?
7, 19
Let c be -3*3/18*-164. Suppose -3*d - 100 = -5*p + 2*d, -4*d + c = 5*p. List the prime factors of p.
2, 3
Suppose 4*v = q + 2481, 8*v - 4*v - 3*q = 2475. List the prime factors of v.
3, 23
Let r(l) = -l**3 - 34*l**2 + 26*l - 18. What are the prime factors of r(-35)?
3, 11
Suppose 0 = -8*g + 5*g. Let r be (-1 + g)*28/7. List the prime factors of (4 + 29/(-4))*r.
13
Suppose 4*g = 2*d + 1946, -3*g + 2*g = d - 488. List the prime factors of g.
487
Let d(h) = -3*h**2 + 4*h - 7. Let w be d(4). Let t be 3 + (-4)/(12/w). Suppose -x + 8 + t = 0. What are the prime factors of x?
2, 3
Suppose -3*s - i = 3*i - 10, 0 = 4*s + 4*i - 12. Suppose -s*t + 12 = t. Suppose -t*c = -6*c - 4*m + 46, -20 = 5*m. List the prime factors of c.
31
Let t(u) = u**3 - 11 - 11*u**2 - u**2 + 0*u**2 + 2*u**2 - 10*u. Let y be t(11). Suppose 0 = -2*w - y*w + 64. What are the prime factors of w?
2
Let w = -237 + 169. Let l = w + 128. List the prime factors of ((-6)/10)/((-6)/l).
2, 3
What are the prime factors of (8 - 6)/((-26)/(-39533))?
3041
Let l(p) = p**3 - 17*p**2 + 17*p - 13. Let c be l(16). Suppose -z = -c*k - 2*z + 336, 2*k = 3*z + 213. What are the prime factors of k?
3, 37
Let g(w) = 5*w + 4. Let x(l) = -9*l - 9. Let c(q) = 5*g(q) + 3*x(q). Let p be c(-6). Suppose 2*u - 38 = -o, 0*u + p*o = -3*u + 57. List the prime factors of u.
19
Let p(s) = -3*s - 15. Let c be p(-5). Suppose 0*y + 2*y = n - 4, c = -3*n - 2*y + 12. List the prime factors of n.
2
Suppose 30*j + 240 = 34*j. Suppose -102 = -2*a + 4*f, 5*f = a - j + 3. What are the prime factors of a?
47
Let y = 206 - 61. Suppose -4*b + y = -3. Let a = 65 - b. List the prime factors of a.
2, 7
Let g(h) = h**3 - 7*h**2 + 12*h - 13. List the prime factors of g(9).
257
Suppose 5*z + 3 = f - 5, 2*f = -z - 6. Let w be (244/z)/(-4 + 2). Let t = w - 31. What are the prime factors of t?
2, 3, 5
Let d(v) = 11*v**2 + v. Let z be d(-1). Let x be ((-36)/z)/(8/(-20)). What are the prime factors of (-88)/12*x/(-6)?
11
Suppose -4*k + 11 = 3*a, 26 = 6*a - 4*a - 2*k. Let n(o) = o**3 + 40*o**2 - 42*o - 37. Let h be n(-41). Suppose a*q - h*q - 120 = 0. List the prime factors of q.
2, 3
Suppose -5*x - 2*u = -160, 2*x + 3*u = -x + 96. Suppose t + 0*t - x = 4*c, -5*c + 5*t - 55 = 0. Let w = 21 + c. What are the prime factors of w?
2, 7
Let u = 3223 - -501. List the prime factors of u.
2, 7, 19
Suppose 5*v - 3*v = 88. Let p(f) = -16*f + v*f - 21*f - f**2 + 10. List the prime factors of p(8).
2
Suppose 3*d = -4*x + 5*d + 11318, 5*x - 14131 = -3*d. List the prime factors of x.
2, 7, 101
Suppose -2*w - 2 - 2 = -4*f, 6 = -3*w. Let g(r) = -2*r + 6. Let z be g(f). Suppose 3*c + 15 = z*c. What are the prime factors of c?
5
Let w = -15 - -97. Suppose -4*o = m - 216, w + 28 = 2*o + m. List the prime factors of o.
53
Let k be 2/((-27)/12 - -2). What are the prime factors of 2 - (k - -5) - -231?
2, 59
Suppose -3*g - 3*w = -2*w + 1, -2*g + 1 = -w. Let x = g + -10. What are the prime factors of x*(27/(-5) + 3)?
2, 3
Let n(a) = a**3 - 19*a**2 - 21*a - 33. List the prime factors of n(22).
3, 11, 29
Let m(v) = v**3 + 7*v**2 - 10*v - 11. Let d be m(-8). Let x = 21 + 3. Suppose -y = 2*f, x = d*y - 3*f + f. What are the prime factors of y?
2
Let h be ((-282)/(-235))/((-26)/(-20) - 1). Suppose 3*p + 1 = -0*c + c, -4*c = -5*p + 3. Let b = h + p. List the prime factors of b.
3
Suppose -4*l + 5*n + 75 = -0*l, l = 4*n + 16. Suppose -t - 3*t = -280. Suppose t + l = 3*f. List the prime factors of f.
2, 3, 5
Let p(w) = w**2 - w - 8. Let x be (-572)/(-99) + 4/18. Let t be p(x). Let y = t - 11. List the prime factors of y.
11
Suppose 0 = 2*n - 5*o - 11 + 1, -4 = 4*n + 2*o. Suppose 9*g - 4*g + 125 = n. Let l = g + 97. What are the prime factors of l?
2, 3
Suppose 4*c + 4*g = 32, g + 4 = -c + 4*c. Suppose 134 = -q + c*q. Suppose z = 2*z - q. What are the prime factors of z?
67
Suppose -5*b - 3*s = -17147, 3*b - 217*s + 215*s - 10292 = 0. List the prime factors of b.
2, 5, 7
Let a be -12*(2 + 12 + 0). Let p be a/(2 + 3 + -6). List the prime factors of p/8 + (0 - -1).
2, 11
Suppose -4*a + 595 = 5*p - 7*a, 0 = p - 4*a - 136. Let h = p + -66. What are the prime factors of h?
2, 5
Suppose 5*u + 2*l - 373 = 1886, 0 = u + 3*l - 444. List the prime factors of u.
3, 151
Suppose 2*q = -3*l + 709, 4*q = -5*l + 5*q + 1173. List the prime factors of (l/(-5))/(1/(-4)).
2, 47
Let d(p) = 19*p - 43. Let n = -128 + 146. List the prime factors of d(n).
13, 23
Let h be (((-6)/(-1))/1)/(4/52). Let o = h + -39. What are the prime factors of o?
3, 13
Suppose 0*m - 3*m - z = -9, 4*z + 9 = 3*m. Let b be (9/6)/(m/(-2)). List the prime factors of (b + 0)*(-86 + 16).
2, 5, 7
What are the prime factors of (-2 - -418) + -9 + (-2 - -9)?
2, 3, 23
Suppose 0 = -8*t + t + 21. Suppose -t*f = -14*f + 319. What are the prime factors of f?
29
Suppose 4*y - 4*c - 28 = 0, -4*y + 2*c = -9 - 13. Let o be y + 18 - (-2 - -2). Let s = o + 22. What are the prime factors of s?
2, 11
Let k be 10/3*(-48)/10. Let i be 4*(4 - (-60)/k). What are the prime factors of (-53)/((-4 - -3)*i)?
53
Let m(r) = -2*r**2 + 11*r + 1. Let a(x) = -3*x**2 + 12*x + 2. Let l(v) = -5*a(v) + 6*m(v). What are the prime factors of l(-5)?
41
Let t = -23 - -55. Let x = 104 + -46. Let i = x - t. What are the prime factors of i?
2, 13
Let c(o) = -160*o - 94. What are the prime factors of c(-8)?
2, 593
Let g = -96 + 101. Suppose g*j - 65 = 55. List the prime factors of j.
2, 3
Let f be 4/14 + 494/(-14). Let k = f + 93. What are the prime factors of k?
2, 29
Suppose 3*p = 5*p + 50. Let y = 114 + p. List the prime factors of y.
89
Let q be 6*(13/6 + -2). Let x = 12 - q. Let k = 27 + x. List the prime factors of k.
2, 19
Suppose -2*d + 338 = -y - 203, -3*d - 2*y + 815 = 0. Suppose 0*a - 2*a = 2*j - 102, -3*a = -5*j + d. What are the prime factors of j?
53
Suppose -16 = 4*p, 5*m + 2*p + 44 = 276. Suppose 2*q + 3*k = 147 + m, 4*k - 4 = 0. Suppose j + q = 3*j. List the prime factors of j.
2, 3
Let i(u) = u**3 - 2*u**2 - 22*u + 12. List the prime factors of i(10).
2, 37
Let b be 2/((-2)/(-77)) - 2. Let u(j) = -j**3 - 16*j**2 - 25*j + 42. Let c be u(-14). Suppose c = -4*n, 0*n + 5*n = 5*f - b. List the prime factors of f.
3, 5
Suppose -28*w = -30*w + 5*q + 5035, -5*w + 5*q + 12565 = 0. What are the prime factors of w?
2, 5, 251
Let s(j) = j**3 - 6*j**2 - 8*j + 9. Let i be s(7). Let a be (-1)/i*(-3 + -3). Suppose 0*u = -a*u + 81. What are the prime factors of u?
3
Let k = -226 + 357. List the prime factors of k.
131
Suppose 4*a + 423 = 5*t + 82, 2*a + 8 = 0. Suppose 271 = 3*b - t. List the prime factors of b.
2, 7
Let v be (-35)/(-6) - (-3)/18. Let d(u) = v + u + 4 + 6 - 4. List the prime factors of d(-5).
7
Let u(w) = 562*w + 18. List the prime factors of u(3).
2, 3, 71
Let o(t) = -46*t + 1076. List the prime factors of o(-36).
2, 683
Suppose -5*i + 3*i = -2. Suppose -5*d - i = 2*w, -w + 3*d + 63 = 3*w. What are the prime factors of (w/(-3) + 42)/2?
19
Let t be 10/(-45) - (-5140)/45. Let y = 144 - t. What are the prime factors of y?
2, 3, 5
Suppose 0 = -w, 5*w = 5*y - 853 + 128. What are the prime factors of y?
5, 29
Let r(c) = c**2 + c + 193. Let p be r(0). Suppose -15*o - 12*o + 189 = 0. Suppose o*n - p - 52 = 0. What are the prime factors of n?
5, 7
Suppose 379 = -j + 925. What are the prime factors of j?
2, 3, 7, 13
Let u = 11626 - 7812. What are the prime factors of u?
2, 1907
Let c(y) = 2*y**2 + 12*y + 12. Let d be c(-15). Suppose 0 = -4*m + 2*w + d, 261 = 4*m + 4*w + w. Suppose 3*t - 27 - m = 0. List the prime factors of t.
2
What are the prime factors of (((-5)/(-6))/(-5))/((-3)/34326)?
1907
Let z be 4*(22/(-4) + 5). Suppose -5*y + 4*n + 33 = 0, -y + 2 = -2*n - 1. What are the prime factors of (z/(-4))/(y/774)?
43
List the prime factors of 3 + (-47)/15 + 598216/120.
5, 997
Suppose -11*f + u = -9*f - 1861, -5*f = 5*u - 4675. List the prime factors of f.
2, 233
Let s(w) = w**2 - 7*w + 4. Let n(z) = 2*z**2 + 3*z - 2. Let b be n(-3). Let x be s(b). Suppose -2*t + x = -20. List the prime factors of t.
2, 3
Let i(m) = -13*m**3 + 4*m**2 + 3*m - 32. List the prime factors of i(-6).
2, 1451
Let j(a) = -a + 26. Let w(k) = k**3 + 5*k**2 - 7*k - 6. Let u be w(-6). Let d be j(u). Let i = d + -17. List the prime